
14
Let a = -18 - -22. Suppose a*h = -3*x - 0*x + 280, -3*h + 210 = 2*x. Calculate the remainder when h is divided by 8.
6
Calculate the remainder when 1120 is divided by (2 + -2 + 1)/((-13)/(-143)).
9
Suppose 0 = -h - 4*i + 33 - 1, i = 4*h - 60. Suppose -h*w = -10*w - 174. What is the remainder when 144 is divided by w?
28
Suppose -5*h = 2*f - 1, -5*f + h = 3*h - 55. Calculate the remainder when 61 is divided by f.
9
Let q(f) = 10 + 17*f - 16*f + 3. What is the remainder when q(16) is divided by 2 + 39/3 + 1?
13
Let d = 135 - 83. What is the remainder when d is divided by 11?
8
Let m = 1 - 2. Let h(i) = -8*i**2 - 128*i + 3. Calculate the remainder when h(-16) is divided by (1 - (1 - m))*-1.
0
Let c(f) = -f**3 + 7*f**2 - 6*f. Calculate the remainder when 68 is divided by c(4).
20
Let h(x) = 4 - 3*x**2 - 3 - 8*x**3 - 2*x**3 + 17*x**3. Let s be h(2). What is the remainder when 14 is divided by (6/(-9))/((-6)/s)?
4
Let g(j) = 19*j**2 + j. Let w(f) = -f**2 + f + 5. Let h be w(3). What is the remainder when g(h) is divided by 11?
7
Let j be (1 - -1)/(3/(558/(-12))). Let a = j + 44. Suppose 9*g - 40 = 4*g. Calculate the remainder when a is divided by g.
5
What is the remainder when (8 + -3 - 6)/(1/(-106)) is divided by 19?
11
Let d(w) = w**2 - 23*w - 58. Let s(r) = 1. Let n(t) = -d(t) - 4*s(t). Calculate the remainder when n(22) is divided by 11.
10
Let l(g) = g + 58. What is the remainder when l(-12) is divided by 17?
12
What is the remainder when (4/(-6))/((-23)/21045) is divided by 51?
49
Let z = -233 - -360. What is the remainder when z is divided by 34?
25
Let i = 51 + -51. Suppose i = g - 29 - 49. Calculate the remainder when g is divided by 20.
18
Suppose 4*i = -3*w + 514, 0 = 2*i - 4*w - 0*w - 268. Calculate the remainder when i is divided by 21.
4
Suppose 2*i - 300 + 54 = -3*p, p = -3*i + 355. What is the remainder when i is divided by 32?
21
Suppose -227 = -6*b - 95. What is the remainder when 278 is divided by b?
14
Let f(y) = -14*y - 498. What is the remainder when 658 is divided by f(-37)?
18
Suppose 2*r + 18 = 5*d, -8 = -2*d - 0*r + r. Suppose -4*t + d*t = -4. Suppose -t*n - 33 = -189. What is the remainder when n is divided by 27?
24
Let r = 823 + -770. Calculate the remainder when 157 is divided by r.
51
Let f = 858 - 583. Calculate the remainder when f is divided by 69.
68
Suppose -3*m = -6*m + 3. Let a = 3 - m. Calculate the remainder when a is divided by ((-1)/(-1 - -2))/(-1).
0
Let l(v) = 10*v - 7. Let k(j) be the second derivative of j**3/6 - 3*j**2/2 - 3*j. Let q be k(6). Calculate the remainder when l(q) is divided by 6.
5
Let b = 259 + -223. Calculate the remainder when 69 is divided by b.
33
What is the remainder when 1 + 674/2 + -6 + 1 is divided by 42?
39
Suppose -2*r + 163 = 3*r - 2*h, 2*r - 66 = h. Suppose 1 - r = -3*y. Calculate the remainder when ((-6)/y)/((-12)/300) is divided by 3.
0
Let m be (-1)/((-4)/10*(-3)/(-6)). Let u be 0 + 2 - (0 + -2). Suppose -w = -m - u. What is the remainder when 24 is divided by w?
6
Let i = 16 + -18. What is the remainder when 22 is divided by 15 + i - (4 + -3)?
10
Let y = 122 - 127. Calculate the remainder when 21 is divided by (3/(-9))/(y/165).
10
Let l = 716 - 593. What is the remainder when 472 is divided by l?
103
Let x(r) = -15*r**2 + r - 2. Let j be x(1). What is the remainder when (-336)/(-15) + j/40 is divided by (-6)/(-1 - 0) + 2?
6
Calculate the remainder when 517 is divided by (-92)/138*(-32 - (0 - 2)).
17
Suppose -30*o = 83 - 503. Calculate the remainder when 347 is divided by o.
11
Let i(d) = -3 - 12*d + 2*d + 6*d. Let z = -159 + 174. What is the remainder when i(-8) is divided by z?
14
Let z(b) be the third derivative of 0 - 3*b**2 - 1/24*b**4 + 0*b + 5/6*b**3. What is the remainder when 17 is divided by z(0)?
2
Let u = -14 - -25. Suppose u - 7 = b. Let f(w) = w**3 + w**2 - 2*w + 5. Calculate the remainder when f(b) is divided by 13.
12
Let p = 56 + -28. Let w = -32 + 115. What is the remainder when w is divided by p?
27
Suppose 2*g - 2*q = 2 + 4, 0 = 2*g + 2*q - 22. Suppose -t - g = -0*t. What is the remainder when 2/(t/(203/(-2))) is divided by 8?
5
Let z(k) = k**3 + 11*k**2 + 11*k + 14. Let c = -7 - 3. Let d be z(c). Suppose 7 - d = h. What is the remainder when h is divided by 1?
0
Calculate the remainder when ((-2)/(-6))/(1/21) is divided by -28*9/(-36) - 2.
2
What is the remainder when (0 - 10) + (1502 - 1) is divided by 13?
9
Let m = 38 - 36. Suppose -m*n = -2 - 4. Calculate the remainder when -2*1*36/(-8) is divided by n.
0
Let u = 4 + -8. Let m(f) = f**2 + 3*f + 1. What is the remainder when 29 is divided by m(u)?
4
Let o = -322 - -350. Let l(h) = h**2 - 2*h - 3. Calculate the remainder when o is divided by l(-2).
3
Suppose -2*c + 62 = -0*c. Suppose 0 = -2*z - 2, -2*z - 370 = -m - 3*m. What is the remainder when m is divided by c?
30
Let k(i) = -2*i**3 + 4*i**2 + 2*i + 8. What is the remainder when k(-5) is divided by 88?
84
Suppose 2*v - 19 - 23 = 0. What is the remainder when (-885)/(-21) - (-32)/(-28) is divided by v?
20
Let s = 1795 - 1766. Calculate the remainder when 198 is divided by s.
24
Let u = -108 + 155. What is the remainder when u is divided by 5?
2
Calculate the remainder when 238 is divided by ((-8)/(-14) - (-12 - -13))*-35.
13
Suppose 2 = v - 102. Let u = -21 + v. Suppose -2*w + 22 = -34. Calculate the remainder when u is divided by w.
27
Suppose -4*j + 467 + 357 = 0. What is the remainder when j is divided by 53?
47
Calculate the remainder when 22*6*7/21 is divided by 20.
4
Let p = -157 - 17. What is the remainder when (p/(-9))/(2/6) is divided by 30?
28
Let g be (-12)/(-2 - -5) - -31. Let z = g + -14. What is the remainder when 38 is divided by z?
12
Let q = 383 + -381. Suppose 4*p - 16 = -0*p. Calculate the remainder when p is divided by q.
0
Suppose 867 = -52*r + 5807. What is the remainder when r is divided by 30?
5
Let y = -19 + 97. Let o(h) = -h**3 + 3*h**2 + 20*h + 16. What is the remainder when y is divided by o(-3)?
8
Let b = 2 - -3. Suppose 0 = -0*q + 3*q - 9. Let t(v) = v**3 - 2*v**2 + 4*v - 2. What is the remainder when t(q) is divided by b?
4
Let k(i) = i**3 + 30*i**2 + 36. Calculate the remainder when k(-30) is divided by 15.
6
Suppose 4*h = 3*g + 79, 31 + 10 = 2*h - 3*g. What is the remainder when 167 is divided by h?
15
Let y(a) = -a + 10. Let z be y(9). Let i = z - -157. What is the remainder when i is divided by 40?
38
Suppose -c = 5*a - 235, 0 = c - 2*c. Suppose 10*o - 7*o = -1395. Calculate the remainder when a is divided by (-2)/9 + o/(-27).
13
Let f = 57 - 24. Let l(z) = 45*z - 218. What is the remainder when f is divided by l(5)?
5
Let p(q) be the second derivative of 1/3*q**3 + q + 1/12*q**4 + 0 - 4*q**2. What is the remainder when 31 is divided by p(-6)?
15
Let g = -12 - -32. Let i be 4/8 + 2/(-4). Suppose i = u + 2 - 41. Calculate the remainder when u is divided by g.
19
Suppose 4*s + 12 = -4*n - 108, 3*s = 2*n + 65. Let y = 31 + n. Let z = 17 + y. Calculate the remainder when 45 is divided by z.
11
Let a(z) = -z**3 + 5*z**2 + 10*z - 4. Suppose -2*s = -4 - 2. Suppose 3*n = 2*p + s*p - 33, -3*p = -3*n - 21. Calculate the remainder when 59 is divided by a(p).
19
Suppose -7*q - 21*q - 21*q + 3430 = 0. Let f(u) = u**2 + 3*u + 5. Calculate the remainder when q is divided by f(-5).
10
Let m(g) = -g + 13. Let s be m(19). What is the remainder when 5*2 - 3/(s/(-4)) is divided by 5?
3
Let l = 53 - 43. Suppose 164 = l*d - 336. What is the remainder when 195 is divided by d?
45
Suppose 0*k - 23 = -q + k, 5*k = 4*q - 91. What is the remainder when 92 is divided by q/(-6) + (-46)/(-2)?
16
Suppose -4*j + u + 27 = -63, -102 = -5*j - 4*u. Calculate the remainder when (-1)/(-4) + (-251)/(-4) is divided by j.
19
Let m = 36 - 0. What is the remainder when m is divided by 2*(195/6)/5?
10
Suppose 4*h - 7 + 1 = 2*q, 0 = 5*h - 2*q - 9. Suppose -122 = -4*g - h*y, -3*y + 7 = g - 19. What is the remainder when 94 is divided by g?
30
Let y(p) = -p**2 - 14*p - 5. Calculate the remainder when y(-10) is divided by 14.
7
Suppose 0 = 4*s + 124 - 208. What is the remainder when s is divided by 15?
6
Suppose 2*p + 2*p = 8. Suppose -5*n = 3*c - 157, p*n - 5*n = 5*c - 251. Let w = -22009 + 22035. What is the remainder when c is divided by w?
23
Let r